3610 = -785*f + 557058. What is the thousands digit of f?
6
Let f = -6108 + 25727. What is the thousands digit of f?
9
Let h = 374 + -2711. What is the tens digit of h/41*(2 + 26/(-6))?
3
Let i be 110/(-40) + 3/4. Let k(b) = -b**3 - 3*b**2 - 3*b + 3. Let m be k(i). Suppose -m*s + 22 = 7. What is the units digit of s?
3
Let x(n) = -22*n**3 - n**2 - 2*n + 5. Let s be x(2). Let a = s + 263. What is the units digit of a?
4
Let b be (-5968)/(-136) + (-4)/(-34). Suppose b*h - 7*h = 32893. What is the units digit of h?
9
Let c(p) = -p**3 - 16*p**2 + 17*p - 6. Let m be c(-17). Let z be ((-3)/m*4)/((-4)/182). Let l = z - -113. What is the units digit of l?
2
Suppose 1031*q = 1084*q - 180306. What is the units digit of q?
2
Let t(l) = -l**3 - 5*l**2 + 18*l + 310. What is the tens digit of t(-9)?
7
Let g(o) = 530*o - 9. Suppose -2*w + 5*r = -0*w + 23, -5*w - 5*r + 30 = 0. What is the tens digit of g(w)?
2
Suppose -4*l + 1024 = -4*w, -6*w = -3*w + 5*l + 792. Let h = 559 - w. Suppose -2*j + 0*j = 2*q - 320, -h = -5*q + 4*j. What is the units digit of q?
2
Let w = 574 + -576. What is the hundreds digit of (1248/(-260))/(w/215)?
5
Suppose -j = 3*m - 6, m + 17 = 4*j - 7. Suppose -18340 = -j*u - 22*u. What is the units digit of u?
5
Let i(x) = 533*x**2 + 183*x - 727. What is the units digit of i(4)?
3
Let b(g) = 2*g**2 - 37*g - 29*g + 101*g - 24. What is the hundreds digit of b(-24)?
2
Let a(l) = 8*l - 17. Let n be a(-5). Let f = n + 61. What is the tens digit of (-3)/((-157)/39 + f)?
1
Let n(x) be the first derivative of 31*x**2/2 + 67*x - 54. What is the hundreds digit of n(10)?
3
Suppose -3*s = -5*r - 23 + 7, 4*s = -4*r. Let g(n) = -14*n**2 + 3*n + 10. Let j be g(r). Let d = j + 118. What is the units digit of d?
6
Let x(t) = -t**3 + 3*t**2 + 24*t + 126. What is the hundreds digit of x(-9)?
8
Suppose -a + n - 13 = -0*a, 0 = n + 2. Let t be 8/(-40) - ((-95337)/(-15))/(-9). What is the tens digit of a/75 + t/5 - 0?
4
Suppose -171*a + 174*a = 5*z + 13095, -3*a - 3*z + 13143 = 0. What is the tens digit of a?
7
Suppose 14 - 1 = -3*y + 5*b, 5*b - 25 = 0. Suppose -4*q - 14 = -o + y*o, 0 = 4*o + q + 23. What is the hundreds digit of (o + 2)*(-254)/8?
1
Suppose -4*t + 39 = 3. Let h be 1696/144 - (-2)/t. What is the tens digit of 2260/h - (-1)/(-3)?
8
Suppose 5*z - 30 = 0, 38 = 4*x + 214*z - 209*z. Let g(m) = m**2 - m + 3. Let b be g(8). Suppose b + 103 = x*v. What is the tens digit of v?
8
Suppose -2*l = 4*r - 188782, -2*l + r + 16774 + 172038 = 0. What is the thousands digit of l?
4
Let g = 777 + -2034. Let u = -716 - g. What is the tens digit of u?
4
Let o be 10/(-70) - (-632)/14. Let h be (72/o)/(-8) - 2/(-10). Suppose h = k + 35 - 107. What is the tens digit of k?
7
Let y be 3/12 + 4 + (-95)/(-20). Suppose -1 = 4*o - y, 2*o + 11 = 5*q. What is the units digit of q?
3
Let r = 25418 + -13951. What is the units digit of r?
7
Let x(z) = z**2 + 12*z - 41. Let h be 8*(1/2)/((-16)/32). Let m be ((51/(-6))/((-4)/h))/1. What is the tens digit of x(m)?
4
Suppose 0 = y + 3*f + 592, -8*f + 4*f = -2*y - 1234. Let z = y - -1118. What is the units digit of z?
1
Suppose 3*z = -3*j - 2478, -j - 1622 = j - 4*z. Let g = -388 - j. What is the hundreds digit of g?
4
Suppose -6*u = -10*u - 300. Let a = u + 30. What is the tens digit of (-9)/3 - ((-20)/4 + a)?
4
Suppose -3*p = -12, -4*p - 6 = 4*l - 2. Let a be ((-8)/l + 9/(-15))*733. Suppose -a = -4*u + 3*s, 0*s - 556 = -3*u + s. What is the hundreds digit of u?
1
Suppose -2*x = 363*y - 361*y - 35326, -52989 = -3*y - 5*x. What is the hundreds digit of y?
6
Suppose -4*p + 12 = 0, -m + 3*m - 3*p - 1 = 0. Suppose 2*q = -5*w + 1905, 2*w - 4*q = -m*q + 762. What is the units digit of w?
1
Suppose 0 = 20*u + 131 + 49. Let p(w) = -65*w + 68. What is the tens digit of p(u)?
5
Suppose 5*r = q - 3*q + 245, 3*r = -2*q + 251. Suppose -5*g = -10*g + q. Let n = g - 0. What is the units digit of n?
6
Let g = -354 + 759. Let i = 1489 - g. What is the units digit of i?
4
Suppose 0 = 3*t + 18, -2*k = -103*t + 102*t - 53584. What is the units digit of k?
9
Let s be ((-6)/4)/(-3) + 5/(-10). Suppose 5*p - 10 = s, 7*p - 4*p - 3 = b. Suppose -6*c - b = v - 2*c, 2*c - 11 = -3*v. What is the units digit of v?
5
Let h = 20879 + -10667. What is the units digit of h?
2
Let h = 44106 - 7880. What is the hundreds digit of h?
2
Let f = -1482 - -1487. Let o be (1/2*6)/1. Suppose f*p - 78 = -o. What is the units digit of p?
5
Let r = 417 - 223. Let f = -176 + 60. Let n = r + f. What is the units digit of n?
8
Suppose 2*w + 0*w = -40. Let q = -16 - w. Suppose 5*c - 57 = -4*l, 0 = -3*c - 2*c + q*l + 73. What is the tens digit of c?
1
Let t(l) be the second derivative of l**4/3 + 7*l**3/6 - 48*l. Let x be t(-3). Let m(r) = r**3 - 16*r**2 + 19*r - 32. What is the units digit of m(x)?
8
Suppose -4*x = -28 + 20. Suppose -7*u + x*u = 3*j + 13, 3*u + 23 = 2*j. What is the units digit of (2 - u) + -3 + 14?
8
Let s(q) = 6*q**2. Let h be s(1). Suppose 0 = 3*n + 5*l - 20, -l = -n - 2*l + h. Suppose 2*a + 180 = n*a. What is the tens digit of a?
6
Let n(x) = 4*x - 14. Let o be n(4). Suppose 2*t - 796 = -2*p - o*p, -t + 3*p = -373. Let j = t + -252. What is the tens digit of j?
3
Let q = 83 + -60. Suppose -q*k + 7786 + 13926 = 0. What is the tens digit of k?
4
Suppose 120*z - 19957 = 113*z. What is the hundreds digit of z?
8
Let f(c) = 5*c - 113. Let i be f(-23). Let w = 376 + i. What is the units digit of w?
8
Suppose 0 = -t - 0*t - p - 10, -4*t - 32 = 2*p. Let n(f) = -3*f**3 - 10*f**2 - 13*f + 1. What is the hundreds digit of n(t)?
3
Let x = -9420 + 9456. Let m(j) = j**3 - 4*j**2 + 6*j - 6. Let d be m(6). Let f = d - x. What is the units digit of f?
6
Let n be ((((-376)/12)/(9/81))/2)/(-1). Let j = -38 - -67. Suppose n = f - j. What is the tens digit of f?
7
Let b(m) = m**3 + 18*m**2 + 14*m - 24. Let a be b(-15). Suppose 5*k + d - 909 - a = 0, -d = -5. What is the units digit of k?
9
Suppose 0 = 20*h + 25*h - 5535. Let m = 688 - h. What is the units digit of m?
5
Let g be (-12)/(-10)*(-100)/60. Let m(z) = 61*z**2 - 5*z - 8. Let n(r) = -62*r**2 + 5*r + 7. Let x(t) = -2*m(t) - 3*n(t). What is the hundreds digit of x(g)?
2
Let w(i) = -1902*i - 9652. What is the thousands digit of w(-7)?
3
Let s(r) = 6*r**2 - 67*r - 389. What is the tens digit of s(-8)?
3
Let u be 3*9/((-135)/70). Let y(s) = 2*s + 31. Let h be y(u). Suppose h*n - 2*o = 249 - 60, 0 = o + 3. What is the units digit of n?
1
Suppose 120 = -8*g - 4*g. Let q be ((-2)/(-8))/(g/(-80)). Suppose 2*h + x - 4*x - 421 = 0, 0 = -5*h + q*x + 1036. What is the hundreds digit of h?
2
Let x = -19 - -8. Let l(w) = w**3 + 11*w**2 - 4*w - 23. Let c be l(x). What is the units digit of (-6)/(-14) + 30/c*181?
9
Let p = 390 - 380. Suppose -p*z + b + 2635 = -6*z, -z + 655 = -b. What is the units digit of z?
0
Let a(r) = r**3 + 8*r**2 - 13*r - 33. Let q be a(-8). Let i = -101 - q. Let l = -85 - i. What is the units digit of l?
7
Suppose 11*r + 111*r = 24*r + 2269876. What is the thousands digit of r?
3
Let b(j) = -2*j + 40. Let k be b(18). Let s = -41 - -33. What is the units digit of (s/(-12))/(k/438)?
3
Let o be 24/32 - 37/(-4). Suppose o*n - 16 = 14. What is the tens digit of 1*-1*(-55 + (0 - n))?
5
Suppose 0 = -i + 5*z + 1463, 1 = 7*z - 8*z. Let s = i + -323. What is the hundreds digit of s?
1
Let h(t) be the third derivative of -t**6/120 + t**5/12 + 11*t**4/24 + t**3/3 - 3*t**2. Let y = -414 - -420. What is the tens digit of h(y)?
3
Let n(v) = v**3 + 8*v**2 + 8*v - 4. Suppose -10*g = -11*g. Suppose g = -6*h - 9 - 15. What is the tens digit of n(h)?
2
Let c be ((-204)/85)/(-12)*(35 - 0). What is the units digit of 123481/133 + 4/c?
9
Let d = 165 - 141. Let v(g) = -5*g**2 - 5*g + 1 + 6*g**2 - 6*g - 12*g. What is the units digit of v(d)?
5
Suppose -4*q + r = -3*r + 8, -2*q + 3*r = 6. Suppose q = 10*s - 4*s + 30. What is the units digit of 53 + (1 - s - 3)?
6
What is the thousands digit of (3644/(-10))/(177/(-2655)) + (1 - -6)?
5
Let u = 22441 + -12141. What is the hundreds digit of u?
3
Suppose 93 + 76 = 13*v. Let c = -8 - -16. Suppose -c*t - 455 = -v*t. What is the tens digit of t?
9
Let p = -75 + 79. Let k be (-1)/(5404/1352 - p). Suppose -t + k = 5*r, 4*r - r - t - 206 = 0. What is the tens digit of r?
6
Let b = -3858 - -5881. What i